907?
7
What is the ten millions digit of 17705608?
1
What is the tens digit of 435950?
5
What is the millions digit of 14653671?
4
What is the hundred thousands digit of 2487527?
4
What is the thousands digit of 4846513?
6
What is the tens digit of 175526?
2
What is the hundred thousands digit of 1296904?
2
What is the units digit of 1833170?
0
What is the millions digit of 1134342?
1
What is the ten thousands digit of 752064?
5
What is the units digit of 1406141?
1
What is the hundreds digit of 7898288?
2
What is the ten thousands digit of 2528942?
2
What is the units digit of 113759?
9
What is the tens digit of 173320?
2
What is the units digit of 69926?
6
What is the hundred thousands digit of 574359?
5
What is the hundred thousands digit of 922997?
9
What is the thousands digit of 418565?
8
What is the thousands digit of 22261731?
1
What is the units digit of 6385276?
6
What is the millions digit of 3549783?
3
What is the ten thousands digit of 214918?
1
What is the hundreds digit of 882054?
0
What is the thousands digit of 1042496?
2
What is the tens digit of 2306078?
7
What is the thousands digit of 514029?
4
What is the thousands digit of 20498385?
8
What is the tens digit of 5103543?
4
What is the units digit of 553962?
2
What is the hundreds digit of 950863?
8
What is the hundred thousands digit of 5925364?
9
What is the units digit of 2815115?
5
What is the millions digit of 1852516?
1
What is the thousands digit of 251176?
1
What is the hundred thousands digit of 273539?
2
What is the hundred thousands digit of 629981?
6
What is the tens digit of 1071475?
7
What is the tens digit of 13837733?
3
What is the units digit of 266337?
7
What is the ten thousands digit of 2006834?
0
What is the tens digit of 329047?
4
What is the units digit of 30247291?
1
What is the hundreds digit of 530793?
7
What is the hundreds digit of 269317?
3
What is the hundreds digit of 3335100?
1
What is the ten thousands digit of 21600747?
0
What is the thousands digit of 2192796?
2
What is the units digit of 931579?
9
What is the tens digit of 232846?
4
What is the thousands digit of 2549879?
9
What is the tens digit of 539485?
8
What is the hundreds digit of 9717647?
6
What is the hundred thousands digit of 980444?
9
What is the hundreds digit of 9813869?
8
What is the ten thousands digit of 250341?
5
What is the tens digit of 3894649?
4
What is the hundred thousands digit of 103063?
1
What is the tens digit of 5016984?
8
What is the ten thousands digit of 3812017?
1
What is the hundreds digit of 2827325?
3
What is the units digit of 351843?
3
What is the hundred thousands digit of 161470?
1
What is the hundred thousands digit of 3338951?
3
What is the hundred thousands digit of 6147479?
1
What is the units digit of 306968?
8
What is the hundred thousands digit of 402655?
4
What is the ten thousands digit of 215215?
1
What is the hundreds digit of 2718797?
7
What is the hundred thousands digit of 2230425?
2
What is the units digit of 120354?
4
What is the units digit of 2380613?
3
What is the hundreds digit of 838440?
4
What is the tens digit of 10595251?
5
What is the ten thousands digit of 5035594?
3
What is the millions digit of 1342801?
1
What is the ten thousands digit of 9831099?
3
What is the ten thousands digit of 9670131?
7
What is the tens digit of 19119208?
0
What is the units digit of 28531450?
0
What is the hundred thousands digit of 160381?
1
What is the tens digit of 5567?
6
What is the ten thousands digit of 458163?
5
What is the hundred thousands digit of 2075003?
0
What is the hundred thousands digit of 3126474?
1
What is the thousands digit of 272826?
2
What is the thousands digit of 621746?
1
What is the ten thousands digit of 1838485?
3
What is the thousands digit of 180029?
0
What is the tens digit of 3396008?
0
What is the units digit of 1122772?
2
What is the thousands digit of 5786161?
6
What is the thousands digit of 377248?
7
What is the thousands digit of 1980638?
0
What is the hundreds digit of 53011?
0
What is the ten thousands digit of 10740634?
4
What is the units digit of 72861?
1
What is the hundreds digit of 5688071?
0
What is the hundreds digit of 150437?
4
What is the hundreds digit of 1114671?
6
What is the units digit of 1339748?
8
What is the hundreds digit of 5595881?
8
What is the tens digit of 14976438?
3
What is the tens digit of 493530?
3
What is the hundred thousands digit of 243257?
2
What is the ten thousands digit of 411815?
1
What is the ten thousands digit of 482665?
8
What is the ten millions digit of 14939954?
1
What is the ten thousands digit of 489697?
8
What is the hundreds digit of 2646794?
7
What is the units digit of 2531638?
8
What is the thousands digit of 270259?
0
What is the units digit of 166981?
1
What is the ten thousands digit of 12941482?
4
What is the ten thousands digit of 684952?
8
What is the hundred thousands digit of 1354111?
3
What is the hundred thousands digit of 687309?
6
What is the millions digit of 2811803?
2
What is the tens digit of 2725811?
1
What is the hundreds digit of 254451?
4
What is the thousands digit of 94301?
4
What is the millions digit of 7317874?
7
What is the tens digit of 2232267?
6
What is the tens digit of 125290?
9
What is the hundreds digit of 1666216?
2
What is the ten thousands digit of 830021?
3
What is the units digit of 655794?
4
What is the hundreds digit of 25027486?
4
What is the tens digit of 1106951?
5
What is the hundred thousands digit of 202725?
2
What is the hundreds digit of 85821?
8
What is the ten thousands digit of 437708?
3
What is the millions digit of 1476198?
1
What is the ten thousands digit of 41492022?
9
What is the hundred thousands digit of 3300340?
3
What is the millions digit of 4466829?
4
What is the ten thousands digit of 8753132?
5
What is the thousands digit of 434588?
4
What is the units digit of 333319?
9
What is the units digit of 209901?
1
What is the hundreds digit of 393245?
2
What is the hundreds digit of 9816239?
2
What is the thousands digit of 223857?
3
What is the millions digit of 20814715?
0
What is the tens digit of 1489698?
9
What is the thousands digit of 175476?
5
What is the tens digit of 161084?
8
What is the hundred thousands digit of 16806932?
8
What is the units digit of 1726514?
4
What is the units digit of 8650910?
0
What is the thousands digit of 19614785?
4
What is the tens digit of 96060?
6
What is the hundred thousands digit of 22245818?
2
What is the ten thousands digit of 618606?
1
What is the tens digit of 10506755?
5
What is the hundreds digit of 12376369?
3
What is the units digit of 6285641?
1
What is the millions digit of 4319656?
4
What is the millions digit of 3742888?
3
What is the hundreds digit of 15744192?
1
What is the units digit of 2342533?
3
What is the hundred thousands digit of 2669210?
6
What is the ten thousands digit of 2702539?
0
What is the ten thousands digit of 9196176?
9
What is the hundred thousands digit of 352880?
3
What is the thousands digit of 294217?
4
What is the hundreds digit of 1722230?
2
What is the tens digit of 1269598?
9
What is the units digit of 386311?
1
What is the units digit of 10222?
2
What is the thousands digit of 171054?
1
What is the units digit of 1636836?
6
What is the thousands digit of 11749334?
9
What is the units digit of 670685?
5
What is the tens digit of 252488?
8
What is the ten thousands digit of 1111132?
1
What is the tens digit of 36026?
2
What is the hundreds digit of 495328?
3
What is the ten thousands digit of 4483665?
8
What is the hundred thousands digit of 1160502?
1
What is the tens digit of 477683?
8
What is the thousands digit of 113475?
3
What is the millions digit of 18468906?
8
What is the hundred thousands digit of 3736324?
7
What is the units digit of 3204618?
8
What is the hundred thousands digit of 161257?
1
What is the hundred thousands digit of 531765?
5
What is the millions digit of 4053927?
4
What is the hundred thousands digit of 382940?
3
What is the hundreds digit of 251607?
6
What is the units digit of 2108192?
2
What is the thousands digit of 34019?
4
What is the thousands digit of 1068163?
8
What is the thousands digit of 313748?
3
What is the units digit of 893534?
4
What is the tens digit of 685167?